cond derivative of p**5/20 + p**4/4 - 2*p**3 - 7*p**2/2 + 4*p. Let c be y(-5). What is the units digit of 203/c - (-6)/(-9)?
7
Suppose 40*i = 36*i + 1940. What is the hundreds digit of i?
4
Suppose 4*w - 34 = 3*j, 2*j - 19 = -2*w - 65. Let p = -18 - -10. Let l = p - j. What is the tens digit of l?
1
Let r(a) = -5*a - 35. Let s be r(-11). Let i(q) = q**2 - 2*q - 8. Let x be i(6). What is the units digit of s*2/x*4?
0
Suppose 0 = 12*r - 10*r - 6. Let d(i) = 50*i - 9. What is the tens digit of d(r)?
4
Let w = 10 - 8. Suppose -4*p + c + 203 = 0, -2*p = -w*c - 0*c - 94. What is the tens digit of p?
5
Let w be (-157 + -5)*(-2)/3. Let m = w + -71. What is the units digit of m?
7
Suppose 0 = -0*h + 3*h - 156. Suppose -30 = -3*n - 27, -5*r + 4*n = 64. Let v = r + h. What is the tens digit of v?
4
Suppose -2*a + 6*a + 63 = -u, -u - 31 = 2*a. What is the units digit of (-30)/(-80) + (-426)/a?
7
Suppose 9*q - 534 = 573. What is the units digit of q?
3
Let x = 421 - -176. What is the hundreds digit of x?
5
Let y(g) = 9*g**2 + 35*g - 123. What is the units digit of y(14)?
1
Let w be (28 - (-5 + 3)) + 2. Let i = 38 + w. Suppose -2*r + i = 24. What is the units digit of r?
3
Suppose 6*g - 1625 = 1081. What is the units digit of g?
1
Suppose -4 = 2*d + 2*t, -t + 1 = -3*d + t. What is the units digit of 15/(-5) + (144 - d)?
2
Let r(x) = -x**3 - 1. Let f(q) = 4*q**3 + 8*q**2 - 6*q + 3. Let k(o) = f(o) + 3*r(o). Let d = -204 + 196. What is the tens digit of k(d)?
4
Let w be 2*4/(-24)*-9. Suppose -w*i - 2*j + 25 = 0, 5*i - 5*j = 3*i + 42. Suppose -i = 3*g - 47. What is the units digit of g?
2
Suppose 0 = 2*j - 0*j + 2. Let n be (j + -1)/((-2)/8). Suppose 5*a - n = 4*a. What is the units digit of a?
8
Suppose 5*u = -4*t + 1598, -6*t + 9*t = 2*u + 1210. What is the hundreds digit of t?
4
Suppose 3*s - 540 = o, 4*o = 3*s + 2*s - 893. What is the units digit of s?
1
Suppose -3*c + 5*j = -5*c - 11, 5*c - 5*j - 25 = 0. Suppose -c*t + 464 = 14. What is the units digit of t?
5
Suppose 3*t + 12 = -l - 0*t, 3*l - 14 = t. Suppose l*m = -2*m, 228 = 3*y + 3*m. What is the tens digit of y?
7
Let n = 32 + 105. Let z = n + -61. What is the units digit of z?
6
Let w be (40/15)/(4/6). Suppose 1 - 25 = -w*d. Suppose 3*q - 7*q = -2*r - d, 0 = -q - 4*r - 3. What is the units digit of q?
1
Let j = 10 - 6. What is the tens digit of 10/j*(-84)/(-15)?
1
Suppose -322 = -4*d - c + 301, c = -d + 152. Suppose 3*x - d = -16. Let f = x - 4. What is the tens digit of f?
4
Let l(t) = 2*t - 7. Let g be ((-6)/(-4) + -2)*-90. Suppose 5*a = -4*q + g, 0*a - 2*q + 25 = 3*a. What is the units digit of l(a)?
3
Let a = 261 - -1833. What is the hundreds digit of a?
0
Let y be (-11)/((-132)/(-976))*-3. Let h = -124 + y. What is the tens digit of h?
2
Let m(t) = -t**3 + 4*t**2 - t + 1. Suppose 4*p + 4 = 5*i - 2, 4*p = -4*i - 24. What is the tens digit of m(p)?
3
Let w be 8/(-12)*(-27)/(-6)*-1. What is the units digit of 1/4 + (479/4 - w)?
7
Let g = -792 - -1313. What is the hundreds digit of g?
5
Let p(q) = -4*q - 8. Let i be p(-5). What is the hundreds digit of (-4)/18*i*(-327)/4?
2
Suppose 564 = 26*r - 27*r. What is the units digit of (1*r/(-18))/(1/3)?
4
Suppose -7*l + 264 = -3*l. Suppose 3*y - y = f - l, y - 1 = 0. What is the units digit of f?
8
Suppose 172 = 6*q - 4*q. Let i = 167 - q. What is the tens digit of i?
8
Suppose -10*q + 12*q = 26. Suppose 3*k - x = 40, x - 12 - q = -2*k. What is the units digit of k?
3
Suppose 165 = -10*p + 5*p. Let d = p - -71. What is the units digit of d?
8
Suppose 4*s + 14 - 2 = 0. Let c = s + 20. Let f = c - -3. What is the units digit of f?
0
Suppose 5*l - 156 = -l. Let r = l + -4. What is the units digit of r?
2
Let i(o) = 24*o**2 + 33*o + 17. What is the units digit of i(-7)?
2
Suppose 14*z = 7*z + 6153. What is the units digit of z?
9
Suppose 0 = 4201*q - 4208*q + 8806. What is the thousands digit of q?
1
Suppose -4*s + 478 = -3*s - 2*b, 0 = 5*s + 5*b - 2420. What is the tens digit of s?
8
What is the hundreds digit of (-690)/(-4) - 5/2?
1
Let j = 14 - 12. Suppose 0 = j*p - 11 + 7. What is the units digit of 34/p*(-2 + 3)?
7
Let q(m) = -5*m - 25. Let k = -63 + 52. What is the tens digit of q(k)?
3
Let l(g) = g**3 + 9*g**2 - 14*g + 5. Let u = 7 - -4. Let k = u + -21. What is the tens digit of l(k)?
4
Let m be 6 + 0 - (2 + 1). Suppose -m*q + 3 = 0, -2*l - 2*q + 15 = -q. What is the units digit of l?
7
Suppose -z = 5*x - 465, 0 = -3*x - 5*z - 0*z + 301. Suppose -2*w - x = -3*w. Suppose -17 = 3*k - w. What is the tens digit of k?
2
Suppose -10327 = -4*d + 5*w, -8817 + 1074 = -3*d + 3*w. What is the units digit of d?
8
Let m = -7 - -2. Let f(x) = -x**2 + 34*x + 56. Let i be f(35). Let u = i - m. What is the units digit of u?
6
Let i = 523 + -140. What is the units digit of i?
3
Let p(b) be the third derivative of -5/6*b**3 + 0 - 2*b**2 + 5/24*b**4 + 0*b. What is the tens digit of p(7)?
3
Let b(k) = k**2 - 8*k + 1. Let v be b(-6). Suppose 3*x = v + 20. What is the tens digit of x?
3
Let q(f) = f**3 - 7*f**2 - 10*f + 4. Suppose 3*m = -3*i - 2*i + 9, 17 = 4*m + 5*i. Let s be q(m). What is the units digit of s*(-2)/(-15)*-25?
0
Let d(g) = 4*g**3 + 7*g**2 - 18*g - 21. What is the hundreds digit of d(8)?
3
Let m(p) = 5*p**3 - 3*p**2 - 5*p + 9. What is the tens digit of m(6)?
5
Suppose -13*z + 315 = 107. What is the tens digit of z?
1
Let p = 2126 + -1159. What is the tens digit of p?
6
Suppose -4*s + 24 - 12 = 0, 2*g = -5*s + 7493. What is the units digit of g?
9
Let q be (-6 - -9)/(3/2). Suppose c = q*c - 3. Suppose -5*p = t - 2*p - 47, 0 = -5*t + c*p + 145. What is the tens digit of t?
3
Let g = 329 - -487. What is the tens digit of (-4)/8*g/(-3)?
3
Let n be 21 - (5 + (-1 - 0)). Let y(s) = -s**3 + 18*s**2 - 16*s + 5. What is the tens digit of y(n)?
2
Let o be (-5 - -3)*(5/(-5) + 0). Suppose -476 = -o*b + 2*a, 7*b - 4*b = -a + 730. What is the hundreds digit of b?
2
Suppose 0 = x - 821 - 36. What is the units digit of x?
7
Let m be ((-88)/12)/(2/6). Let r be m/(-8) + 6/24. What is the units digit of (-24)/16*(-2)/r?
1
Let n = 27 - 32. What is the units digit of 6/(24/(-52))*n?
5
Suppose -11*h + 2978 = -520. What is the tens digit of h?
1
Let r(j) = -132*j - 7. What is the tens digit of r(-4)?
2
Suppose 28*h + 8407 = 63763. What is the hundreds digit of h?
9
What is the units digit of (-7 - -13)*(-1145)/30*-4?
6
What is the tens digit of (2168 - -134) + 11*-1?
9
Let s(k) = -k**3 + 5*k**2 + 7*k - 6. Suppose t = -4*v - v + 16, -3*v + 12 = t. Let p be s(t). Suppose 0 = 4*r - p*r - 24. What is the units digit of r?
6
Let y(l) = 125*l + 171. What is the hundreds digit of y(11)?
5
Let p(v) = -v**2 - v - 4. Let h be p(-3). What is the units digit of (-165)/h - (2/(-4) + 1)?
6
Let f be 0 + -25*-1*4. Suppose -4*k - 269 = y, 4*y - 59 = 2*k + 53. Let j = k + f. What is the units digit of j?
4
Let g = 12 - 9. Let m be ((-1)/g)/(10/90). What is the units digit of (-8)/((-3)/m)*-8?
4
Let m(b) = 2*b + 33. Let r be m(-14). Suppose 0 = -5*v - 4*i + 436 + 190, -r*v = -i - 606. What is the hundreds digit of v?
1
Suppose -4*x + v + 14 = 0, x + v - 1 = -0*x. What is the units digit of (-27)/(-18)*46/x?
3
Let x = -6 - 9. Let w be (x/6)/(-5)*258. Let f = w - 75. What is the tens digit of f?
5
Let l(w) = 2043*w**2 + 2*w - 2. What is the thousands digit of l(1)?
2
Suppose 2*a - 5*a + 1308 = 0. What is the tens digit of a?
3
Suppose -2850 = 10*o - 5*o. Let v = -378 - o. What is the tens digit of v?
9
Let s(d) = 959 + d + 0*d**2 - 945 + d**2 - 5*d. What is the hundreds digit of s(13)?
1
Suppose 0 = -2*v + 12 - 4. Suppose g + 4 = y + 3*y, -4*y = 0. What is the units digit of 27 + 16/g + v?
7
Suppose -6 = 4*v - v, -4*h + 5868 = -4*v. Suppose 8*u + 353 = h. What is the units digit of u?
9
Suppose 19 = -3*l + 4, 3*l = -5*w + 3785. What is the units digit of w?
0
Suppose 10*g = 19*g + 1305. Let z = -36 - g. What is the units digit of z?
9
Suppose s + 42 = -d, -4*d - 2*s - 179 = -9. Let r = d - -14. What is the units digit of 14/7 + (2 - r)?
3
Suppose 5*a - o = -4*o + 234, -5*o - 58 = -a. Suppose 14*n - 208 = n. Suppose z + k = -2*k + n, -3*k = 3*z - a. What is the units digit of z?
6
Suppose 5*w - 305 = -0*w + 4*l, 248 = 4*w - 4*l. Suppose 2*n + 21 = -f, 0 = 4*n - 0*n + 5*f + w. What is the tens digit 